Suppose -t + 5 = -6*t. Let x = t - -4. What is the units digit of x?
3
What is the units digit of (-125)/(-15) + 4/6?
9
What is the tens digit of (-9)/(-27)*(-186)/8*-4?
3
What is the units digit of (930/(-8) - -3)*(-8)/6?
1
Let l(d) = d**3 + 6*d**2 + 2*d + 1. What is the units digit of l(-5)?
6
Let r = 59 - 40. What is the units digit of r?
9
Suppose -s - 9 + 27 = 0. Let w = -9 + s. What is the units digit of w?
9
Let o(z) = -z**3 + 18. What is the tens digit of o(0)?
1
Suppose 15 = -3*s + 5*z, -5*s + 5*z + 4 - 19 = 0. Suppose s = -2*n + r - 0*r + 15, -5*r + 5 = -2*n. Let c = n + -2. What is the units digit of c?
8
What is the tens digit of (44/(-4))/1*-1?
1
Let b(g) = g**3 + 10*g**2 - 2*g - 2. Let f(w) = -w**2 + 3*w. Suppose -4*p + 10 = -10. Let x be f(p). What is the units digit of b(x)?
8
Let s(z) = -3*z**2 - z. Let d be s(-1). What is the units digit of (d/(-3))/((-2)/(-33))?
1
Let z(p) = -2*p**3 + p**2 - p. Suppose 0 = i - 3*i + 2. Let w be z(i). What is the units digit of (-14)/4*(w + 0)?
7
Suppose 4*p = 7 + 9. What is the tens digit of p/14 - (-496)/28?
1
Let a = 13 - 6. Let z = a + -4. What is the units digit of z?
3
Let h(r) = 7*r**3 - r**2 - r + 1. Let o be h(1). Let x(s) = s**2 - 5*s - 2. Let y be x(o). Suppose 0 = y*c - 4 - 4. What is the units digit of c?
2
Let p(z) = z**3 - 9*z - 2. What is the tens digit of p(5)?
7
Let i = -4 - -8. Let f = 7 - i. Suppose -2*g - 11 = -f*g. What is the tens digit of g?
1
Let l = 148 - 34. What is the hundreds digit of l?
1
Let y(l) be the first derivative of l**3/3 - 4*l - 3. What is the units digit of y(-3)?
5
Let v(j) = -j**3 + 1 + 5*j**2 + 0*j + 0*j. Let h be 2/(-3)*120/(-16). What is the units digit of v(h)?
1
Let w(j) = 17*j + 13. What is the units digit of w(8)?
9
Suppose 3*o + 12 = 45. Let d = o + 1. What is the tens digit of d?
1
Let t(i) = -i**2 + 6*i + 15. Let u be t(8). What is the units digit of (-261)/(-6) - u/(-2)?
3
Let u = 55 - 32. Let n = 14 + 1. Suppose -n = -y + 6*y, -y = -5*o + u. What is the units digit of o?
4
Let w = -18 + 10. Suppose 0 = -3*q + 2*y - 3, -4*q = -3*y + y + 4. What is the tens digit of (w/6)/(q/12)?
1
Let b(q) be the third derivative of -q**5/120 + q**4/12 - q**3/3 - 2*q**2. Let x(j) be the first derivative of b(j). What is the units digit of x(-5)?
7
Suppose -3*k = -k - 254. What is the hundreds digit of k?
1
Let h = -8 + -1. Suppose -4*v - 84 = 3*v. Let z = h - v. What is the units digit of z?
3
Let s(f) = f - 2. Let y be s(7). Suppose 0 = y*q - 63 - 12. What is the units digit of q?
5
Let w(m) = -32*m. What is the tens digit of w(-1)?
3
Let r(y) = y. Let x(g) = -2*g - 1. Let w(z) = -r(z) - x(z). What is the units digit of w(8)?
9
Let p = -11 + 23. Suppose 3*w = -p, -y = 2*y + 4*w + 22. What is the units digit of (-116)/(-36) + y/9?
3
Let n = 6 - -1. Suppose 2 = -y - 3. Let i = y + n. What is the units digit of i?
2
Let l = -582 + 940. What is the hundreds digit of l?
3
Let u = -6 - -6. Let o be u + 0 + 8 + -2. What is the units digit of (4/o)/(6/45)?
5
Let h(z) = z**3 + 6*z**2 - 3. Let a be h(-3). Suppose 12*c - 20 = 8*c. Suppose -c*d + a = -d. What is the units digit of d?
6
Let s = -5 - -8. Suppose -28 = -s*o + 8. What is the tens digit of o?
1
Suppose 5*u - 15 = 0, 4*p + u = -u + 14. Suppose 5 = -p*w + 17. Suppose w = o + r - 0*r, -5*o - 2*r = -27. What is the units digit of o?
5
Suppose -46 = -4*w + 2*o, -4*o = -5*o - 5. Let u(s) = -s**3 + 9*s**2 + 10. What is the tens digit of u(w)?
1
Let n be 27/63 + (-25)/(-7). What is the tens digit of 10/n*(3 + 3)?
1
Suppose -v - 16 = -2*f + 236, -f = -3*v - 131. What is the units digit of f?
5
Let u(d) = 2 - d + 0 - 1. Let p be u(4). What is the units digit of -4 - p - -9 - -1?
9
Suppose -3*c - 1 = s - 7, 5*c + 12 = 2*s. Suppose i - 18 = s*l - l, -68 = -5*i + 3*l. What is the tens digit of i?
1
Let j(s) = 5*s - 10. Let z(g) = 4*g - 9. Let y(n) = 3*j(n) - 4*z(n). What is the units digit of y(0)?
6
Let o = 21 - 26. What is the tens digit of o*((-114)/(-15))/(-1)?
3
What is the units digit of 2/(-6) + (-5706)/(-27)?
1
Suppose -5*k - a - 45 = 0, -3 = k + a + 6. Let n = 32 + k. What is the units digit of n?
3
Let w = -266 + 479. What is the hundreds digit of w?
2
Let f(w) = -w**2 + 8*w + 11. Let r be f(9). Suppose v = -s + 57, 3*v + r*s = 88 + 84. What is the units digit of v?
8
Let n = 62 - -26. What is the tens digit of n?
8
Suppose -5 = -3*v + 4. Let k(l) = -2*l - 4. Let m be k(-3). Suppose -m*q - q = -3*o - v, 36 = 4*o + 4*q. What is the units digit of o?
4
Suppose 2*p - 66 = -4*r, 17 = -2*p + 3*p - 2*r. Suppose 2*m - l = 11, p = -3*l - 2*l. Let f = m - 2. What is the units digit of f?
1
Suppose -3*s = -3, 5*s = -n - 2*n + 71. Suppose -n = y - 3*y. Let w = y - 3. What is the units digit of w?
8
Suppose -w + 12 = -9. Suppose 4 = 5*o - w. What is the units digit of o?
5
Suppose 0 = -3*l - 0*l + 45. Suppose 1 + l = 4*a. What is the units digit of a?
4
Suppose -2*y = -2*f - 2 - 10, -80 = -5*y - 5*f. What is the tens digit of y?
1
Let z = -13 - -9. Let w = z - -10. What is the units digit of w?
6
Suppose -w - w - 44 = -m, 2*w = -5*m + 184. What is the units digit of m?
8
Suppose -5*i - 9 = 5*y + 6, -3*i + 31 = -5*y. Let w(q) = -2 + q - 4*q - 2 - i*q + 2*q**2. What is the units digit of w(4)?
8
Suppose 2*h = 4*b - 126, -h = -b - 3*h + 24. What is the tens digit of b?
3
What is the units digit of 16991/91 + ((-12)/21)/(-2)?
7
Let t be (-2)/5 + 2/5. Let v = 4 - t. Suppose -i + b + 15 = 0, 18 = -v*b + 6. What is the units digit of i?
2
Let d = 5 + -2. Suppose -6 = -d*l - 0*l. Suppose -4*c + 14 - l = 0. What is the units digit of c?
3
Let m(x) = x**3 - 6*x**2 + 9*x - 13. What is the tens digit of m(6)?
4
Let k(z) = 2*z. Let d(s) = 3*s**3 + 1. Let w be d(1). Let h be 2/w + 9/2. What is the tens digit of k(h)?
1
Let z be 2 + (0 - 3)/3. What is the units digit of -1*(-1 + -1 + z)?
1
Let v(i) = i + 10. Suppose -8 = -2*f + 4*n, -5*f + n - 6*n = -50. Let u be v(f). What is the units digit of 76/u + 8/(-36)?
4
Let m = -2 + 7. Suppose 2 = -s - o - 2, -m*o = 2*s - 7. Let y = 20 + s. What is the tens digit of y?
1
Let j = 63 + -31. Suppose -5 + 21 = b + n, -j = -b - 5*n. What is the tens digit of b?
1
Let i = 38 + -19. What is the units digit of (-3)/6 + i/2?
9
Suppose 5*n - 32 = 4*n. What is the units digit of -116*4/n*-2?
9
Let h(b) = b**2 - 5*b - 9. What is the tens digit of h(9)?
2
Let d(q) = -5*q - 4. Suppose -s + 9 = -z, 0 = -z + 3*z + s + 6. What is the tens digit of d(z)?
2
Let c(z) = -z**2 + 5*z - 4. Let v be c(3). Let f be v/(-8) - (-130)/8. Suppose -3*a - f = -7*a. What is the units digit of a?
4
Suppose 20 + 8 = 4*b. Let f = b + -6. Suppose -2*i + 19 = l, 0 = -i - i - 5*l - f. What is the units digit of i?
2
Suppose -5 = -9*m + 4*m. What is the tens digit of m + 28 - (4 + -2)?
2
Let s(t) = -t**2 - 6*t - 1. Let q be s(-5). Let v = q - -1. What is the units digit of v?
5
Let r = -1 + 4. Suppose -4*g - 3 = -r*n - 57, -58 = -4*g + n. What is the tens digit of g?
1
Let f(d) = 2*d - 1. Let j(h) = -h**2 + 6*h + 6. Let q be j(6). What is the tens digit of f(q)?
1
Let g(h) = 2*h + 3*h - h**3 - 5*h**2 - 4*h + 6 + 5*h. Let v be g(-7). Suppose -5*a - 3*k = -v, 2*a + 3*k - 22 = a. What is the units digit of a?
0
Let k(y) be the first derivative of 3*y**2/2 - 4*y + 5. Suppose 0 = -p - 4*i + 3, 3*p - 6*i - 9 = -5*i. What is the units digit of k(p)?
5
Suppose -139 = -3*v - 3*a + 98, 4*a - 91 = -v. Suppose j + v = 6*j. What is the tens digit of j?
1
Let j = -2 + -2. What is the units digit of (-7)/j*(7 + -3)?
7
Suppose l + 4*l - 2*o = 25, 0 = o + 5. Suppose 1 = l*y - 5. Suppose -2*r - y*r = -5*f - 56, -5*f = -r + 29. What is the units digit of r?
9
Suppose -3*r - 9 = -6*r. Suppose -3*o - 1 = -4*b - 2, -6 = -r*o + 3*b. Let p(m) = m - 5. What is the units digit of p(o)?
2
Suppose -3*w = -15, 0 = -s + 2*s + w - 9. Suppose 0 = -i - 4*n + 3, s*n - 69 = -3*i - 28. What is the tens digit of i?
1
Suppose 0 = -5*c + 3*c + 4. Let n(d) = d**3 - d**2 - d - 1. What is the units digit of n(c)?
1
Let n(s) = -s**3 + 9*s**2 + s - 4. Let y be n(9). Suppose -y*m + 22 + 3 = 5*t, 5*t - 3*m = 57. What is the units digit of t?
9
Let c = 19 - 4. What is the tens digit of c?
1
Let y = 3 - 1. What is the units digit of (-3 - -8)*(3 - y)?
5
Let n = -11 - -59. 